[INFO] cloning repository https://github.com/Eshanatnight/AQIinator
[INFO] running `Command { std: "git" "-c" "credential.helper=" "-c" "credential.helper=/workspace/cargo-home/bin/git-credential-null" "clone" "--bare" "https://github.com/Eshanatnight/AQIinator" "/workspace/cache/git-repos/https%3A%2F%2Fgithub.com%2FEshanatnight%2FAQIinator", kill_on_drop: false }`
[INFO] [stderr] Cloning into bare repository '/workspace/cache/git-repos/https%3A%2F%2Fgithub.com%2FEshanatnight%2FAQIinator'...
[INFO] running `Command { std: "git" "rev-parse" "HEAD", kill_on_drop: false }`
[INFO] [stdout] b37eec3f93f15e4b40c08f23f0c43be27c5a3a29
[INFO] checking Eshanatnight/AQIinator against master#9610dfe5a9a731ced1ea4923ecbd0c57fe367898 for beta-170-4
[INFO] running `Command { std: "git" "clone" "/workspace/cache/git-repos/https%3A%2F%2Fgithub.com%2FEshanatnight%2FAQIinator" "/workspace/builds/worker-7-tc1/source", kill_on_drop: false }`
[INFO] [stderr] Cloning into '/workspace/builds/worker-7-tc1/source'...
[INFO] [stderr] done.
[INFO] validating manifest of git repo https://github.com/Eshanatnight/AQIinator on toolchain 9610dfe5a9a731ced1ea4923ecbd0c57fe367898
[INFO] running `Command { std: CARGO_HOME="/workspace/cargo-home" RUSTUP_HOME="/workspace/rustup-home" "/workspace/cargo-home/bin/cargo" "+9610dfe5a9a731ced1ea4923ecbd0c57fe367898" "metadata" "--manifest-path" "Cargo.toml" "--no-deps", kill_on_drop: false }`
[INFO] started tweaking git repo https://github.com/Eshanatnight/AQIinator
[INFO] finished tweaking git repo https://github.com/Eshanatnight/AQIinator
[INFO] tweaked toml for git repo https://github.com/Eshanatnight/AQIinator written to /workspace/builds/worker-7-tc1/source/Cargo.toml
[INFO] crate git repo https://github.com/Eshanatnight/AQIinator already has a lockfile, it will not be regenerated
[INFO] running `Command { std: CARGO_HOME="/workspace/cargo-home" RUSTUP_HOME="/workspace/rustup-home" "/workspace/cargo-home/bin/cargo" "+9610dfe5a9a731ced1ea4923ecbd0c57fe367898" "fetch" "--manifest-path" "Cargo.toml", kill_on_drop: false }`
[INFO] [stderr]  Downloading crates ...
[INFO] [stderr]   Downloaded color-eyre v0.6.1
[INFO] running `Command { std: "docker" "create" "-v" "/var/lib/crater-agent-workspace/builds/worker-7-tc1/target:/opt/rustwide/target:rw,Z" "-v" "/var/lib/crater-agent-workspace/builds/worker-7-tc1/source:/opt/rustwide/workdir:ro,Z" "-v" "/var/lib/crater-agent-workspace/cargo-home:/opt/rustwide/cargo-home:ro,Z" "-v" "/var/lib/crater-agent-workspace/rustup-home:/opt/rustwide/rustup-home:ro,Z" "-e" "SOURCE_DIR=/opt/rustwide/workdir" "-e" "CARGO_TARGET_DIR=/opt/rustwide/target" "-e" "CARGO_HOME=/opt/rustwide/cargo-home" "-e" "RUSTUP_HOME=/opt/rustwide/rustup-home" "-w" "/opt/rustwide/workdir" "-m" "1610612736" "--user" "0:0" "--network" "none" "ghcr.io/rust-lang/crates-build-env/linux@sha256:19e73879b68f455e41552ea35293514db52ea292d993f571636dbffedb77a1ee" "/opt/rustwide/cargo-home/bin/cargo" "+9610dfe5a9a731ced1ea4923ecbd0c57fe367898" "metadata" "--no-deps" "--format-version=1", kill_on_drop: false }`
[INFO] [stdout] e115adb502fd89994f383999440daf201be4e01f30a92314a33f2bde649f3dc6
[INFO] running `Command { std: "docker" "start" "-a" "e115adb502fd89994f383999440daf201be4e01f30a92314a33f2bde649f3dc6", kill_on_drop: false }`
[INFO] running `Command { std: "docker" "inspect" "e115adb502fd89994f383999440daf201be4e01f30a92314a33f2bde649f3dc6", kill_on_drop: false }`
[INFO] running `Command { std: "docker" "rm" "-f" "e115adb502fd89994f383999440daf201be4e01f30a92314a33f2bde649f3dc6", kill_on_drop: false }`
[INFO] [stdout] e115adb502fd89994f383999440daf201be4e01f30a92314a33f2bde649f3dc6
[INFO] running `Command { std: "docker" "create" "-v" "/var/lib/crater-agent-workspace/builds/worker-7-tc1/target:/opt/rustwide/target:rw,Z" "-v" "/var/lib/crater-agent-workspace/builds/worker-7-tc1/source:/opt/rustwide/workdir:ro,Z" "-v" "/var/lib/crater-agent-workspace/cargo-home:/opt/rustwide/cargo-home:ro,Z" "-v" "/var/lib/crater-agent-workspace/rustup-home:/opt/rustwide/rustup-home:ro,Z" "-e" "SOURCE_DIR=/opt/rustwide/workdir" "-e" "CARGO_TARGET_DIR=/opt/rustwide/target" "-e" "CARGO_INCREMENTAL=0" "-e" "RUST_BACKTRACE=full" "-e" "RUSTFLAGS=--cap-lints=forbid" "-e" "RUSTDOCFLAGS=--cap-lints=forbid" "-e" "CARGO_HOME=/opt/rustwide/cargo-home" "-e" "RUSTUP_HOME=/opt/rustwide/rustup-home" "-w" "/opt/rustwide/workdir" "-m" "1610612736" "--user" "0:0" "--network" "none" "ghcr.io/rust-lang/crates-build-env/linux@sha256:19e73879b68f455e41552ea35293514db52ea292d993f571636dbffedb77a1ee" "/opt/rustwide/cargo-home/bin/cargo" "+9610dfe5a9a731ced1ea4923ecbd0c57fe367898" "check" "--frozen" "--all" "--all-targets" "--message-format=json", kill_on_drop: false }`
[INFO] [stdout] 019d7855a477bf97be68414be014744c87f605758169cea01f0a2da500ec07ae
[INFO] running `Command { std: "docker" "start" "-a" "019d7855a477bf97be68414be014744c87f605758169cea01f0a2da500ec07ae", kill_on_drop: false }`
[INFO] [stderr]    Compiling proc-macro2 v1.0.40
[INFO] [stderr]    Compiling syn v1.0.98
[INFO] [stderr]     Checking once_cell v1.12.0
[INFO] [stderr]    Compiling quote v1.0.20
[INFO] [stderr]    Compiling log v0.4.17
[INFO] [stderr]    Compiling openssl-sys v0.9.74
[INFO] [stderr]    Compiling indexmap v1.9.1
[INFO] [stderr]    Compiling openssl v0.10.40
[INFO] [stderr]    Compiling serde_derive v1.0.138
[INFO] [stderr]    Compiling futures-task v0.3.21
[INFO] [stderr]    Compiling futures-util v0.3.21
[INFO] [stderr]    Compiling proc-macro-error-attr v1.0.4
[INFO] [stderr]    Compiling native-tls v0.2.10
[INFO] [stderr]     Checking hashbrown v0.12.1
[INFO] [stderr]    Compiling serde v1.0.138
[INFO] [stderr]     Checking tinyvec v1.6.0
[INFO] [stderr]    Compiling proc-macro-error v1.0.4
[INFO] [stderr]     Checking openssl-probe v0.1.5
[INFO] [stderr]     Checking tracing-core v0.1.28
[INFO] [stderr]     Checking mio v0.8.4
[INFO] [stderr]     Checking thread_local v1.1.4
[INFO] [stderr]     Checking want v0.3.0
[INFO] [stderr]    Compiling backtrace v0.3.65
[INFO] [stderr]    Compiling unicode-segmentation v1.9.0
[INFO] [stderr]     Checking unicode-bidi v0.3.8
[INFO] [stderr]    Compiling eyre v0.6.8
[INFO] [stderr]     Checking gimli v0.26.1
[INFO] [stderr]    Compiling serde_json v1.0.82
[INFO] [stderr]     Checking object v0.28.4
[INFO] [stderr]     Checking tracing v0.1.35
[INFO] [stderr]     Checking tracing-subscriber v0.3.14
[INFO] [stderr]     Checking indenter v0.3.3
[INFO] [stderr]     Checking regex-syntax v0.6.26
[INFO] [stderr]     Checking rustc-demangle v0.1.21
[INFO] [stderr]     Checking owo-colors v3.4.0
[INFO] [stderr]    Compiling heck v0.3.3
[INFO] [stderr]     Checking ipnet v2.5.0
[INFO] [stderr]     Checking unicode-normalization v0.1.21
[INFO] [stderr]     Checking tracing-error v0.2.0
[INFO] [stderr]     Checking idna v0.2.3
[INFO] [stderr]     Checking color-spantrace v0.2.0
[INFO] [stderr]     Checking url v2.2.2
[INFO] [stderr]     Checking regex v1.5.6
[INFO] [stderr]     Checking addr2line v0.17.0
[INFO] [stderr]     Checking Inflector v0.11.4
[INFO] [stderr]     Checking color-eyre v0.6.1
[INFO] [stderr]    Compiling tokio-macros v1.8.0
[INFO] [stderr]    Compiling openssl-macros v0.1.0
[INFO] [stderr]    Compiling structopt-derive v0.4.18
[INFO] [stderr]     Checking tokio v1.19.2
[INFO] [stderr]     Checking structopt v0.3.26
[INFO] [stderr]     Checking tokio-util v0.7.3
[INFO] [stderr]     Checking tokio-native-tls v0.3.0
[INFO] [stderr]     Checking h2 v0.3.13
[INFO] [stderr]     Checking serde_urlencoded v0.7.1
[INFO] [stderr]     Checking hyper v0.14.19
[INFO] [stderr]     Checking hyper-tls v0.5.0
[INFO] [stderr]     Checking reqwest v0.11.11
[INFO] [stderr]     Checking aqi v0.1.0 (/opt/rustwide/workdir)
[INFO] [stdout] error[E0583]: file not found for module `token`
[INFO] [stdout]  --> src/main.rs:2:1
[INFO] [stdout]   |
[INFO] [stdout] 2 | mod token;
[INFO] [stdout]   | ^^^^^^^^^^
[INFO] [stdout]   |
[INFO] [stdout]   = help: to create the module `token`, create file "src/token.rs" or "src/token/mod.rs"
[INFO] [stdout] 
[INFO] [stdout] 
[INFO] [stdout] error[E0583]: file not found for module `token`
[INFO] [stdout]  --> src/main.rs:2:1
[INFO] [stdout]   |
[INFO] [stdout] 2 | mod token;
[INFO] [stdout]   | ^^^^^^^^^^
[INFO] [stdout]   |
[INFO] [stdout]   = help: to create the module `token`, create file "src/token.rs" or "src/token/mod.rs"
[INFO] [stdout] 
[INFO] [stdout] 
[INFO] [stdout] error[E0432]: unresolved import `token::AQI_TOKEN`
[INFO] [stdout]  --> src/main.rs:6:5
[INFO] [stdout]   |
[INFO] [stdout] 6 | use token::AQI_TOKEN;   // AQI_TOKEN variable stores the API token which is defined in the token module.
[INFO] [stdout]   |     ^^^^^^^^^^^^^^^^ no `AQI_TOKEN` in `token`
[INFO] [stdout] 
[INFO] [stdout] 
[INFO] [stdout] warning: unused import: `eyre`
[INFO] [stdout]  --> src/main.rs:7:18
[INFO] [stdout]   |
[INFO] [stdout] 7 | use color_eyre::{eyre, Result};
[INFO] [stdout]   |                  ^^^^
[INFO] [stdout]   |
[INFO] [stdout]   = note: `#[warn(unused_imports)]` on by default
[INFO] [stdout] 
[INFO] [stdout] 
[INFO] [stdout] error[E0432]: unresolved import `token::AQI_TOKEN`
[INFO] [stdout]  --> src/main.rs:6:5
[INFO] [stdout]   |
[INFO] [stdout] 6 | use token::AQI_TOKEN;   // AQI_TOKEN variable stores the API token which is defined in the token module.
[INFO] [stdout]   |     ^^^^^^^^^^^^^^^^ no `AQI_TOKEN` in `token`
[INFO] [stdout] 
[INFO] [stdout] 
[INFO] [stdout] warning: unused import: `eyre`
[INFO] [stdout]  --> src/main.rs:7:18
[INFO] [stdout]   |
[INFO] [stdout] 7 | use color_eyre::{eyre, Result};
[INFO] [stdout]   |                  ^^^^
[INFO] [stdout]   |
[INFO] [stdout]   = note: `#[warn(unused_imports)]` on by default
[INFO] [stdout] 
[INFO] [stdout] 
[INFO] [stdout] error: aborting due to 2 previous errors; 1 warning emitted
[INFO] [stdout] 
[INFO] [stdout] 
[INFO] [stdout] Some errors have detailed explanations: E0432, E0583.
[INFO] [stdout] 
[INFO] [stdout] For more information about an error, try `rustc --explain E0432`.
[INFO] [stdout] 
[INFO] [stderr] error: could not compile `aqi` (bin "aqi") due to 3 previous errors; 1 warning emitted
[INFO] [stderr] warning: build failed, waiting for other jobs to finish...
[INFO] [stdout] error: aborting due to 2 previous errors; 1 warning emitted
[INFO] [stdout] 
[INFO] [stdout] 
[INFO] [stdout] Some errors have detailed explanations: E0432, E0583.
[INFO] [stdout] 
[INFO] [stdout] For more information about an error, try `rustc --explain E0432`.
[INFO] [stdout] 
[INFO] [stderr] error: could not compile `aqi` (bin "aqi" test) due to 3 previous errors; 1 warning emitted
[INFO] running `Command { std: "docker" "inspect" "019d7855a477bf97be68414be014744c87f605758169cea01f0a2da500ec07ae", kill_on_drop: false }`
[INFO] running `Command { std: "docker" "rm" "-f" "019d7855a477bf97be68414be014744c87f605758169cea01f0a2da500ec07ae", kill_on_drop: false }`
[INFO] [stdout] 019d7855a477bf97be68414be014744c87f605758169cea01f0a2da500ec07ae
